prime factors of 340241?
11, 30931
What are the prime factors of 406553?
7, 8297
List the prime factors of 79486.
2, 11, 3613
List the prime factors of 518234.
2, 53, 4889
List the prime factors of 3362158.
2, 17, 98887
List the prime factors of 28797473.
17, 109, 15541
List the prime factors of 3083.
3083
What are the prime factors of 722459?
722459
What are the prime factors of 4497176?
2, 562147
What are the prime factors of 3087896?
2, 7, 67, 823
What are the prime factors of 325066?
2, 7, 31, 107
List the prime factors of 820603.
7, 16747
List the prime factors of 167027.
7, 107, 223
List the prime factors of 13970878.
2, 6985439
What are the prime factors of 52256?
2, 23, 71
What are the prime factors of 530158?
2, 265079
List the prime factors of 2676325.
5, 107053
What are the prime factors of 1929950?
2, 5, 11, 29
List the prime factors of 755626.
2, 67, 5639
What are the prime factors of 122524?
2, 30631
What are the prime factors of 1009094?
2, 504547
List the prime factors of 225533.
7, 11, 29, 101
List the prime factors of 1181664.
2, 3, 11, 373
List the prime factors of 700774.
2, 17, 20611
What are the prime factors of 3387736?
2, 11, 137, 281
List the prime factors of 2364329.
11, 214939
What are the prime factors of 218383?
11, 19853
List the prime factors of 25802794.
2, 1307, 9871
List the prime factors of 368047.
368047
What are the prime factors of 508169?
193, 2633
What are the prime factors of 1002153?
3, 29, 11519
What are the prime factors of 4958569?
7, 11, 71, 907
List the prime factors of 1087080.
2, 3, 5, 9059
What are the prime factors of 55168?
2, 431
What are the prime factors of 11734251?
3, 3911417
List the prime factors of 869978.
2, 434989
List the prime factors of 474791.
19, 24989
What are the prime factors of 2991089?
29, 103141
What are the prime factors of 1387893?
3, 13, 19, 1873
What are the prime factors of 70055?
5, 14011
What are the prime factors of 1280178?
2, 3, 151, 157
List the prime factors of 80348.
2, 53, 379
List the prime factors of 17994539.
19, 31, 137, 223
List the prime factors of 13710425.
5, 548417
What are the prime factors of 4970329?
7, 13, 193, 283
List the prime factors of 59270.
2, 5, 5927
List the prime factors of 725230.
2, 5, 11, 19, 347
List the prime factors of 267400.
2, 5, 7, 191
List the prime factors of 470496.
2, 3, 13, 29
List the prime factors of 4779180.
2, 3, 5, 7, 3793
List the prime factors of 191225.
5, 7649
What are the prime factors of 13833444?
2, 3, 17, 19, 43, 83
What are the prime factors of 307733?
307733
What are the prime factors of 138354?
2, 3, 23059
List the prime factors of 1298789.
1298789
What are the prime factors of 1398750?
2, 3, 5, 373
List the prime factors of 7257019.
7, 11, 79, 1193
List the prime factors of 243111.
3, 11, 53, 139
What are the prime factors of 6024774?
2, 3, 7, 67, 2141
List the prime factors of 10487919.
3, 13, 268921
List the prime factors of 15237767.
719, 21193
What are the prime factors of 672320?
2, 5, 11, 191
What are the prime factors of 9552523?
9552523
List the prime factors of 9981438.
2, 3, 127, 13099
List the prime factors of 431105.
5, 151, 571
List the prime factors of 11198247.
3, 89, 41941
List the prime factors of 357931.
7, 51133
List the prime factors of 51507.
3, 59, 97
What are the prime factors of 3249261?
3, 17, 7079
What are the prime factors of 9029929?
9029929
What are the prime factors of 17739877?
23, 771299
What are the prime factors of 1969497?
3, 218833
What are the prime factors of 21049966?
2, 7, 37, 40637
List the prime factors of 5241520.
2, 5, 65519
What are the prime factors of 15618629?
13, 373, 3221
What are the prime factors of 1433650?
2, 5, 53, 541
List the prime factors of 164070.
2, 3, 5, 1823
List the prime factors of 4471220.
2, 5, 13, 29, 593
What are the prime factors of 56799?
3, 6311
What are the prime factors of 268379?
17, 15787
List the prime factors of 4088726.
2, 2044363
What are the prime factors of 158911?
367, 433
List the prime factors of 17326846.
2, 41, 131, 1613
What are the prime factors of 267879?
3, 89293
What are the prime factors of 103269?
3, 29, 1187
List the prime factors of 14387065.
5, 7, 11, 37369
What are the prime factors of 2274788?
2, 557, 1021
What are the prime factors of 277849?
11, 13, 29, 67
List the prime factors of 402330.
2, 3, 5, 13411
What are the prime factors of 174626?
2, 87313
What are the prime factors of 22057856?
2, 389, 443
List the prime factors of 384928.
2, 23, 523
What are the prime factors of 1476046?
2, 11, 13, 397
What are the prime factors of 9751?
7, 199
What are the prime factors of 16184?
2, 7, 17
What are the prime factors of 22128542?
2, 11064271
List the prime factors of 11477413.
11477413
What are the prime factors of 5296099?
5296099
List the prime factors of 243693.
3, 27077
What are the prime factors of 43622?
2, 17, 1283
What are the prime factors of 2542321?
907, 2803
List the prime factors of 264794.
2, 43, 3079
List the prime factors of 120647.
120647
What are the prime factors of 28818?
2, 3, 1601
What are the prime factors of 13945334?
2, 13, 257, 2087
List the prime factors of 782216.
2, 97777
What are the prime factors of 18604128?
2, 3, 193793
What are the prime factors of 3170799?
3, 117437
List the prime factors of 78857.
78857
What are the prime factors of 2481677?
11, 17, 23, 577
What are the prime factors of 949881?
3, 131, 2417
List the prime factors of 8058258.
2, 3, 13, 883
List the prime factors of 26006065.
5, 5201213
What are the prime factors of 314565?
3, 5, 67, 313
What are the prime factors of 1179311?
7, 19, 8867
What are the prime factors of 23901697?
23901697
What are the prime factors of 7176939?
3, 7, 11, 31069
What are the prime factors of 277319?
7, 173, 229
What are the prime factors of 3228628?
2, 13, 29, 2141
List the prime factors of 7007758.
2, 1229, 2851
List the prime factors of 2251624.
2, 83, 3391
What are the prime factors of 1227160?
2, 5, 11, 2789
List the prime factors of 112422.
2, 3, 41, 457
What are the prime factors of 24840982?
2, 31, 149, 2689
List the prime factors of 27579187.
27579187
List the prime factors of 7391938.
2, 3695969
What are the prime factors of 1440879?
3, 11, 47, 929
List the prime factors of 1469233.
37, 39709
List the prime factors of 223679.
223679
List the prime factors of 130176.
2, 3, 113
What are the prime factors of 3749022?
2, 3, 208279
List the prime factors of 131031.
3, 23, 211
List the prime factors of 14165.
5, 2833
List the prime factors of 1559620.
2, 5, 29, 2689
What are the prime factors of 1205934?
2, 3, 200989
List the prime factors of 1164265.
5, 232853
What are the prime factors of 489589?
89, 5501
List the prime factors of 5957671.
5957671
What are the prime factors of 1085194?
2, 11, 107, 461
What are the prime factors of 129713?
19, 6827
List the prime factors of 324587.
324587
What are the prime factors of 479696?
2, 7, 4283
What are the prime factors of 3205049?
3205049
What are the prime factors of 396874?
2, 198437
List the prime factors of 218840.
2, 5, 5471
List the prime factors of 27147043.
7, 11, 41, 8599
What are the prime factors of 1390556?
2, 41, 61, 139
List the prime factors of 1311449.
1311449
What are the prime factors of 984023?
829, 1187
List the prime factors of 451156.
2, 43, 61
What are the prime factors of 15994922?
2, 19, 420919
List the prime factors of 2605379.
7, 53171
List the prime factors of 21302824.
2, 37, 79, 911
What are the prime factors of 8899560?
2, 3, 5, 59, 419
What are the prime factors of 149513?
7, 13, 31, 53
List the prime factors of 1534906.
2, 103, 7451
What are the prime factors of 131881?
43, 3067
List the prime factors of 19842808.
2, 17, 145903
List the prime factors of 48244.
2, 7, 1723
What are the prime factors of 1302148?
2, 325537
What are the prime factors of 6889915?
5, 1377983
What are the prime factors of 1183381?
1183381
List the prime factors of 198956.
2, 49739
What are the prime factors of 635722?
2, 47, 6763
List the prime factors of 102704.
2, 7, 131
List the prime factors of 2850041.
2850041
List the prime factors of 3242567.
41, 79087
List the prime factors of 52359.
3, 31, 563
What are the prime factors of 5152518?
2, 3, 7, 43, 317
What are the p